(-33)/(-6*(-5)/k)?
2, 11
Let r(g) = 60*g - 152. List the prime factors of r(50).
2, 89
What are the prime factors of (-5)/110 - (826190/(-44) - 8)?
5, 13, 17
Let k(s) = 30*s**2 + 11*s - 30. Let l be k(-8). Let p = l - 822. What are the prime factors of p?
2, 5, 7
Let b = -423 - -702. Suppose 4*h - 10 - b = 3*x, -3*h + 222 = -4*x. Let i = 31 + h. What are the prime factors of i?
101
Suppose 0 = -8*o - 40, 7*b = 5*b - 2*o + 2074. What are the prime factors of b?
2, 521
What are the prime factors of (-1123357)/(-313) - -2*1?
3, 7, 19
Let l be -646 + -3*24/(-9). Let j = l + 1638. List the prime factors of j.
2, 5
Let y(b) be the third derivative of -2*b**4 + 55*b**3/3 - b**2 - 20. What are the prime factors of y(-5)?
2, 5, 7
Let c be (-21 + -3)/4 + 17. Let j(v) be the first derivative of -v**4/4 + 4*v**3 + 3*v**2/2 - 34*v + 4. What are the prime factors of j(c)?
2, 3, 5
Suppose 8*v = 3*v + 4890. Let z = v - 425. List the prime factors of z.
7, 79
Let k(j) = 93*j**2 - 11*j + 6. Let p be k(3). Suppose -p = -4*v + 3*n, -5*v + 1013 = -16*n + 12*n. What are the prime factors of v?
3, 67
Let y = 120 - 113. Suppose -2114 = -y*v + 91. List the prime factors of v.
3, 5, 7
Let o(m) = -m**3 - 19*m**2 + 122*m - 673. List the prime factors of o(-44).
42359
Suppose 4*u = -8, -18 = 4*y + 4*u - 6. What are the prime factors of 180 - y*(-2 - -4)?
2, 7, 13
Let f(i) = 4*i**3 - 4*i**2 - 12*i - 6. Let z be f(7). Suppose -2*b = -5*b + z. Suppose -3*a + 3*j - j = -218, -5*a + 4*j = -b. What are the prime factors of a?
2, 37
What are the prime factors of (112/(-24))/(-14) - (-3 + 109684/(-6))?
2, 7, 653
Let t be ((-336)/(-49) + -6)*7. Let w(p) = 95*p + 4. What are the prime factors of w(t)?
2, 7, 41
What are the prime factors of (-391018)/(-12) + 12/72?
5, 7, 19
Let v(j) = j**2 + 33*j - 750. What are the prime factors of v(46)?
2, 7, 103
Let u(x) = 13*x**2 + 2*x - 15. Let p(k) = 7*k**2 + k - 7. Let z(j) = 11*p(j) - 6*u(j). Let t be z(0). List the prime factors of t/(-2)*(-26)/13.
13
Suppose -7*m - 2750 = -3*m + d, d = 4*m + 2746. Let h = m + 999. What are the prime factors of h?
2, 3, 13
Let f(d) be the second derivative of 3*d**5/20 - 5*d**4/6 + 8*d**3/3 - 49*d**2/2 - 23*d. What are the prime factors of f(7)?
2, 7, 43
Let l be (-4)/10 + 317*(-1)/(-5). Suppose 5166 = -l*x + 70*x. List the prime factors of x.
2, 3, 41
Let i(c) = -4*c - 23. Let p be i(-9). Suppose 6*a = p*a - 14. Suppose -5*q = a*o - 383, -3*o + o = 2. What are the prime factors of q?
7, 11
Suppose -27*d + 462132 = 17*d. What are the prime factors of d?
3, 389
Let a(y) = 71*y**2 - 422*y - 13. What are the prime factors of a(-6)?
5, 7, 29
Let t(q) = -q - 4. Let n be t(-4). Suppose n = 6*a - 481 - 497. List the prime factors of a.
163
Suppose -4*a - 40 + 12 = 0. Let b(u) = u**3 + 8*u**2 + 5*u - 18. Let p be b(a). Let o = 49 - p. List the prime factors of o.
53
What are the prime factors of ((-499311)/2)/3*(1364/(-99))/31?
2, 18493
Let j(a) = -9*a - 10. Let s(h) = h - 2. Let t(n) = -j(n) - 4*s(n). Let w be t(-6). What are the prime factors of 2 + 96 - 4/w*3?
3, 11
Suppose 12 = -0*v + 4*v. Let i be (-3 + 2)/((-812)/270 + v). Suppose -5*l + 975 = 5*o - i, -1112 = -5*o - 4*l. List the prime factors of o.
2, 7
Suppose -16199 = -2*s - 3*c, -5*s - 3*c + 56535 - 16051 = 0. Suppose -1455 = -10*q + s. What are the prime factors of q?
5, 191
Let w(q) be the third derivative of 86*q**4/3 + 5*q**3/3 - 43*q**2. What are the prime factors of w(1)?
2, 349
Let p = 355 + -361. List the prime factors of 1*((0 - 2) + (-2784)/p).
2, 3, 7, 11
Let j(r) = 146*r**2 + 41*r - 262. List the prime factors of j(15).
33203
Let m(s) = -2*s**2 + 6*s - 1. Let z be m(6). Let v = z - -36. List the prime factors of 4*(-4)/(-32)*(-100)/v.
2, 5
Let l = -515 + 846. Suppose 8*n - 3*z - l = 3*n, -67 = -n + z. What are the prime factors of n?
5, 13
Let a = -16666 + 29159. List the prime factors of a.
13, 31
Let d(w) = -143*w + 201. Let z(v) = 73*v - 101. Let i(t) = -2*d(t) - 5*z(t). List the prime factors of i(-5).
2, 3, 83
Let g(y) = -y**3 + 4*y**2 + 7*y - 4. Let s be g(5). Let v(t) = -24*t**2 + 5 + 23*t**2 + s - 35*t. What are the prime factors of v(-29)?
5, 37
Suppose -5*v = -15, 4*v - 48339 = -3*u - v. What are the prime factors of u?
2, 4027
Suppose -327 = 4*p - 3*f, 349 = -3*p + 2*f + 105. Let x = p + 379. What are the prime factors of x?
7, 43
Let q = 16392 + -7588. List the prime factors of q.
2, 31, 71
Let n(b) = -4*b**2 - 348*b + 453. List the prime factors of n(-65).
6173
What are the prime factors of (38 - 2)/((-58)/(-11252))?
2, 3, 97
Suppose -4*a = 3*j - 4, 0 = 2*a - 4*j + 5*j - 2. Let c(h) = 4*h**3 - 2*h**2 + 3*h - 2. Let x be c(a). Suppose 3*i = x + 63. What are the prime factors of i?
2, 11
Suppose -23*f = -5*f - 72. Suppose 0 = 5*b + 5*g - 6365, -18*b = -16*b + f*g - 2554. What are the prime factors of b?
3, 47
Let d = -2404 + 31495. List the prime factors of d.
3, 9697
Suppose 15*d = -2*d + 238. List the prime factors of ((-74)/d)/(48/(-10416)).
31, 37
Let t be ((-180)/(-21))/(14/343). Suppose 3*i - 45 - t = 0. What are the prime factors of (-17)/i + 231/5?
2, 23
Let t be (-5)/(-15) - (-79174)/6. Suppose 11*j + 3472 = t. What are the prime factors of j?
2, 13, 17
Let p = 72 + -54. Suppose 4 = -4*o, l - 13*o + p*o - 14 = 0. What are the prime factors of l?
19
Suppose -8*c + 3*c + 15808 = 4*v, -v - c = -3951. What are the prime factors of v?
3947
What are the prime factors of (35266/462)/((-2)/(-186))?
31, 229
Let o be (-28)/(-6) - (-9)/27. Suppose 3*r = o*p - 0*p - 14, 0 = r - 2. Suppose p*s = s + 21. List the prime factors of s.
7
Let o be -7 + 8 - 10/(-5). Let c(i) = 16*i - 3. Let s be c(-4). What are the prime factors of o - s - (-6 + 5)?
71
Let d = -15 - -33. What are the prime factors of (-3)/((21 - d)/(-334 + 0))?
2, 167
Suppose z + 5*v + 68524 = 3*z, 4*v - 137048 = -4*z. List the prime factors of z.
2, 37, 463
Let o(d) = 3*d**2 + 11*d - 12. Suppose 12*c + 48 = 8*c. Let y be o(c). Suppose -y = 5*n - 1018. What are the prime factors of n?
2, 73
List the prime factors of (-96)/(-8) + -10 + 1 + 9804.
3, 7, 467
Suppose 2*f + 3*n = 6*n + 17129, -4*n = -f + 8562. List the prime factors of f.
2, 4283
Let d(a) = -6*a**2 - 2*a + 1. Let c be d(1). Let j(x) = 32*x**2 + 60*x + 3. List the prime factors of j(c).
1151
Let j(y) = 2*y**2 + 53*y - 1521. List the prime factors of j(-115).
2, 3, 43, 73
Let b = -523 - -519. List the prime factors of -1 + b/(-8) - 207/(-2).
103
Let j = -18 + 27. Suppose -5*q + j*y - 6*y + 846 = 0, 5*q - 849 = 2*y. What are the prime factors of q?
3, 19
Let j(d) = -3*d**2 + 616*d + 65. What are the prime factors of j(68)?
28081
Let a(g) be the third derivative of 0 + g**3 + 1/120*g**6 - 3*g**2 + 3/8*g**4 + 3/20*g**5 + 0*g. What are the prime factors of a(-7)?
41
List the prime factors of (-185 + -1)*(45/(-10) + -17).
3, 31, 43
Let f(c) be the second derivative of -23*c**3/6 + 30*c**2 - 72*c. List the prime factors of f(0).
2, 3, 5
Suppose 3*p - 4*y + 212 = 0, 3*y + 77 = -p - 2*y. Let v = p - -145. Suppose -3*h + v = -8. List the prime factors of h.
3
Suppose -10*q + 6*q = -544. Suppose 2*c - 4*a - q = -2*c, 4*c = -2*a + 106. Let r = 102 - c. What are the prime factors of r?
73
Suppose -10*r + 279810 = 9*r + 66687. List the prime factors of r.
3, 3739
Suppose -16 = 182*s - 180*s. Let c(q) = 8*q + 23. Let j(d) = -4*d - 11. Let k(p) = -6*c(p) - 11*j(p). What are the prime factors of k(s)?
3, 5
Let o(t) be the third derivative of t**5/4 - 5*t**4/12 - 7*t**3/2 - 6*t**2 - 5. What are the prime factors of o(-7)?
2, 7
Let r = -406 + 408. Suppose 0 = -r*t - 88 + 1800. List the prime factors of t.
2, 107
Suppose -2*g = 0, 103 = 4*z - g + 3. List the prime factors of z/2*216/60.
3, 5
Let k = -57 - -438. Let n = k + -189. List the prime factors of n.
2, 3
Let u = 2257 + -1004. Let k = u - 599. What are the prime factors of k?
2, 3, 109
Let w be -2 - (0 - 3) - -8. Let m(d) = d**3 - 5*d**2 + 4*d - 1. Let j be m(4). Let u = w + j. List the prime factors of u.
2
Let y(i) = -28*i - 61. Let u be y(-2). Let n(b) = -6*b**3 - b**2 - 16*b + 4. List the prime factors of n(u).
809
Let a be ((-384)/1)/((27/210)/(-3)). Suppose 29*b + a = 27172. What are the prime factors of b?
2, 157
Suppose 5*x - 2206 = 4*s + 1200, 0 = -4*s + 4. Suppo